 of c?
1
Suppose 0 = 3*i - 4*c - 11052, 70*c - 68*c = 5*i - 18406. What is the hundreds digit of i?
6
Let w be ((-36)/81)/(5/45). What is the units digit of -7 - (w + -3) - -568?
8
Let q(i) = 31*i**2 - 7*i**3 + 3*i**3 - 63*i - 32 + 3*i**3. What is the units digit of q(28)?
6
Let l be 222/48 + 45/120. What is the tens digit of -4*(-360 + (1 - l)) - -4?
6
Let d(u) = 13*u - 61. Let c be d(3). What is the hundreds digit of -1171*(11/c)/((-3)/(-6))?
1
Let v be 206/5*(197 + -3 + 1). Suppose 5*f + v = 18*f. What is the units digit of f?
8
Suppose 10*w = 7*w. Suppose 4*l = -5*v - 176 - w, -4*v + 5*l = 149. What is the tens digit of (4/3)/((-24)/v) + 77?
7
Let i(x) = 4821*x**2 - 53*x - 53. What is the thousands digit of i(-1)?
4
Let p = 761 + -1850. Let z = p + 1626. What is the units digit of z?
7
Let d(a) = -23*a + 50. Let p(v) = 12*v - 25. Let k(x) = 3*d(x) + 7*p(x). Let t(b) = b. Let q(r) = -2*k(r) - 18*t(r). What is the hundreds digit of q(-4)?
2
Let q(g) = 10*g - 40. Let d be q(4). Suppose d = 58*i - 53*i - 1335. What is the hundreds digit of i?
2
Suppose 681*h + 397120 = 344*h + 353*h. What is the units digit of h?
0
Let b(y) = -4*y - 7. Let l be b(-2). Suppose 3*t = 14 + l. Suppose -85 = -9*v + 4*v - t*z, 3*v = 3*z + 39. What is the tens digit of v?
1
Let x = -49 + 107. Suppose 3*a - x = 2*a. Let i = a + -45. What is the tens digit of i?
1
What is the thousands digit of ((-165)/10)/((50/984)/(-25))?
8
Let k(o) = -8*o - 14. Suppose 113 = -10*y - 7. Let q be k(y). Suppose 13*r - q = 11*r. What is the units digit of r?
1
Let h(s) = -s**3 - 10*s**2 - 12*s + 14. Let z be h(-6). Let t = z + 61. What is the tens digit of (-3)/((-3)/83 - 0/t)?
8
Let u = 487 + -1640. Let t = u - -1742. What is the tens digit of t?
8
Suppose 0 = 2*l - 3*i - 36700, l + 324*i = 328*i + 18345. What is the units digit of l?
3
Suppose -1520 = -6*w - 2*w. Let r = w - 115. Suppose 4*m + 4*g - 156 = 0, -3*g + 4*g - r = -2*m. What is the units digit of m?
6
Suppose -3*y = 5*x - 71186 - 145764, -4*x + 3*y = -173587. What is the thousands digit of x?
3
What is the thousands digit of 165/(-99) + 70809/9?
7
Let l = -19 + 42. Let n = 31 - l. Let y(c) = c**3 - 6*c**2 - 11*c + 9. What is the units digit of y(n)?
9
Suppose -16*u + 20723 = -77837 - 44000. What is the hundreds digit of u?
9
Suppose -21*w + 64 = 11*w. Suppose y - 3*j = 793, -w*j = 4*y - 3*j - 3194. What is the units digit of y?
9
Suppose 0 = -5*i + 4*i + 6. Suppose s + s - i = 0. Suppose -3*t + l - s*l = -143, -l - 5 = 0. What is the units digit of t?
1
Let j(k) = -2*k**3 + 39*k**2 - 29*k + 41. Let h be j(19). Let w = h - -307. What is the tens digit of w?
5
Suppose -4*b + 2*z = -11692, -5836 = -2*b - 18*z + 14*z. What is the tens digit of b?
2
Suppose -773 = 11*i - 14*i - 2*d, -3*i + 5*d + 745 = 0. Let a(y) = -58*y - 1. Let u be a(-3). Let n = i - u. What is the tens digit of n?
8
Suppose -5*f + 15 = 0, 28*y - 4188 = 27*y + 5*f. What is the tens digit of y?
0
Let s = -81 + 109. Suppose 33*p - s*p = 805. What is the units digit of p?
1
Let n(z) = 3533*z - 4 - 18 + z**2 - 3536*z. What is the units digit of n(-4)?
6
Suppose -2*u + 2 - 18 = -x, 29 = 4*x - u. Let k(c) = 13*c**2 - 9*c + 2. Let a be k(x). Suppose -4*i + a = -136. What is the units digit of i?
8
Let n be 8/44 + 0 - 11652/(-44). Suppose -5*a = 2*z - 561 - 899, 5*z + n = a. What is the tens digit of a?
9
Let k(n) = -18*n - 1. Let b be 3*-1 - (-60 - -7). Suppose -l - 4*l = b. What is the hundreds digit of k(l)?
1
Let a(q) = 16*q**2 - 3*q - 4. Let n be a(-2). Let t = n - 61. Suppose i = t*i - 32. What is the units digit of i?
8
Let w be ((0 - -2) + 0)*(-1168)/(-146). Let n be 751/7 + 14/(-49). Suppose g - n = w. What is the units digit of g?
3
Let o(w) = 2*w**3 + 110*w**2 + 38*w + 75. What is the thousands digit of o(-26)?
8
Let x = -293 - -370. Let l = 1992 - x. What is the tens digit of l?
1
What is the ten thousands digit of (-6192)/60*(-9)/((-45)/(-500))?
1
Let d be 16/(-12)*(-6)/4. Suppose -16 + 26 = d*t. What is the tens digit of (t + (-77)/5)*(-5)/2?
2
Let i be ((-16)/48)/((-1)/21). Let s(g) = -7*g - 22 - i*g + 4*g + 0*g. What is the tens digit of s(-8)?
5
Suppose -3*q - 2*x = -137 - 1504, -q + 5*x + 564 = 0. What is the tens digit of q?
4
Let x = 7937 - 4743. Let y = -2203 + x. What is the units digit of y?
1
Let n be 147 + (0 - (6 + -8)). Let a = n + -128. What is the tens digit of a?
2
Suppose -2*f = 3*v - 20, -4*f + 3*v - 4 = -2*v. Let t(s) = 13 + 7*s + 4 - 8. What is the units digit of t(f)?
7
Let d(a) = a**3 - 4*a**2 - 4*a - 3. Let w = -16 + 21. Let v be d(w). Suppose 3*c + 66 = 3*f, -4*c = -3*f - v*c + 67. What is the units digit of f?
3
Let d(i) = 166 + 4*i - i - 20*i - 3*i. What is the units digit of d(-10)?
6
Let j be (129/18 + -6)/((-1)/(-6)). What is the tens digit of j/((-182)/(-5100)) + (-6)/39?
9
Let u be 12/(-14) - 7032/(-21). Let h = 135 + u. What is the units digit of h?
9
Suppose -11446 = -s - c + 25916, -74709 = -2*s + c. What is the ten thousands digit of s?
3
Suppose 4*z + 578 = 6*z. Let w = 161 - z. What is the tens digit of (-3 - -4)*1 - w?
2
Let k = 2314 + -886. Let p = 2267 - k. What is the hundreds digit of p?
8
Suppose -17*r + 24*r = 154070. Suppose 22*z = r - 4542. What is the tens digit of z?
9
What is the units digit of 24/(-6) - (-100842)/9 - 1/(-3)?
1
What is the hundreds digit of 39820 + 0 + -163 + 139?
7
Let g = -12693 + 20632. What is the hundreds digit of g?
9
Suppose 7*t - 12 - 16 = 0. Suppose o = -m - 0*m + 5, 2*m - t = o. Suppose -2*w + m*k + 360 = 2*w, 4*w = -2*k + 360. What is the tens digit of w?
9
Suppose 3*m + 18 = 12. Let t be -3 + (-2 - m) - -1. Let j(a) = 12*a**2 - 5*a - 1. What is the units digit of j(t)?
7
Suppose 2*s + 669*n = 672*n + 19567, 2*s - 19559 = -5*n. What is the units digit of s?
2
Let s = 11678 - 6702. What is the hundreds digit of s?
9
Let k = -32382 - -46654. What is the thousands digit of k?
4
Suppose -4*n + 15*n + 49*n = 726840. What is the thousands digit of n?
2
What is the hundreds digit of (-217796)/(-30) - ((-2451)/(-855) + -1*3)?
2
Let h(b) = 34*b**2 + b + 2. Let k be h(-1). Let i = 34 - k. What is the units digit of i/((-3)/45*3)?
5
Let s(v) = v**3 + 47*v**2 + 34*v - 165. Let f be s(-46). Suppose 9*j - 10*j + f = 0. What is the hundreds digit of j?
3
Suppose -3*u - 88 = -2*n, -u + 202 = 5*n - 4*u. Suppose -5*v - 15 = 0, -2*v - n = -2*x - 8. What is the units digit of x?
2
Let y(h) = -55*h + 23. Let b = 313 - 317. What is the hundreds digit of y(b)?
2
Suppose 3*u - 10*u = 420. What is the tens digit of (2 - -70)/(231/u - -4)?
8
What is the ten thousands digit of (-3)/2 + 969087/70 + 2/5?
1
Let c = 29 - 24. Suppose -4*r = -4*k + 76, -r - 2*r - c*k - 41 = 0. Let y = 37 + r. What is the units digit of y?
0
Let v = 32 + -30. Suppose 2*r - 67 = -5*g, -3*r + 35 = -v*r + g. What is the tens digit of (r/(-5))/(2/(-10))?
3
Let c(v) = -2 - 11 - 7 - 23*v. Let r be c(-4). What is the units digit of r*(4 + (-6)/8)?
4
Let b(l) = l**2 + 12*l - 80. Let r be b(-17). Suppose -4*u + 173 = s, r*s - 2*u = -7*u + 865. What is the hundreds digit of s?
1
Let k(c) = -c**2 + 3*c + 3*c**2 + 5*c + 15 + 0*c**2. Let p be ((8 - 5) + 6/(-3))*-9. What is the units digit of k(p)?
5
What is the hundreds digit of 592/740*(-31430)/(-4)?
2
Let q(t) = 193*t**3 - 9*t**2 + 9*t - 35. What is the units digit of q(6)?
3
Let x(h) = 19*h**2 - 4*h + 3. Let j = -16 + 20. Let k be (-28)/(1 + 3)*j/(-14). What is the units digit of x(k)?
1
Let q = -639 - -681. Suppose 0 = -q*k + 49*k - 4781. What is the tens digit of k?
8
Let s(t) = t**3 - 42*t**2 + 454*t + 9. What is the units digit of s(49)?
2
Let p(f) = -f**3 + 53*f**2 - 187*f - 215. What is the tens digit of p(48)?
2
Suppose 2*v - 5*i = 76786, -277*v + 276*v + i = -38381. What is the hundreds digit of v?
3
Let h(p) = p**2 - 4*p - 12. Let r(a) = -a**3 + 13*a**2 - 22*a - 12. Let u be r(11). Let d(o) = o**2 + 13*o. Let c be d(u). What is the tens digit of h(c)?
8
Suppose -3*y = -4*u - 144563, 54*y + u + 192781 = 58*y. What is the tens digit of y?
9
Let d(y) = -25*y**3 - 8*y - 7. Let z be d(-2). What is the hundreds digit of 1520/11 - 38/z?
1
Suppose 0 = -12*m + 217363 - 41719. What is the ten thousands digit of m?
1
Let u(r) = r**3 + 12*r**2 - 64*r + 25. What is the hundreds digit of